{"id":18389,"date":"2018-06-05T13:27:03","date_gmt":"2018-06-05T12:27:03","guid":{"rendered":"http:\/\/www.quintesence.cz\/?page_id=18389"},"modified":"2018-06-05T13:41:08","modified_gmt":"2018-06-05T12:41:08","slug":"pravidla-pouzivani-cookies","status":"publish","type":"page","link":"https:\/\/www.quintesence.cz\/index.php\/pravidla-pouzivani-cookies\/","title":{"rendered":"Pravidla pou\u017e\u00edv\u00e1n\u00ed Cookies"},"content":{"rendered":"<p>[vc_row css_animation=&#8221;&#8221; row_type=&#8221;row&#8221; use_row_as_full_screen_section=&#8221;no&#8221; type=&#8221;grid&#8221; angled_section=&#8221;no&#8221; text_align=&#8221;center&#8221; background_image_as_pattern=&#8221;without_pattern&#8221; padding_top=&#8221;113&#8243; padding_bottom=&#8221;64&#8243; z_index=&#8221;&#8221; css=&#8221;.vc_custom_1517923729372{background-color: #ffffff !important;}&#8221;][vc_column width=&#8221;5\/6&#8243; offset=&#8221;vc_col-md-10 vc_col-sm-offset-1&#8243;][vc_column_text]<\/p>\n<h2 style=\"text-align: left;\"><span style=\"color: #000000;\">Pravidla pou\u017e\u00edv\u00e1n\u00ed Cookies<\/span><\/h2>\n<p>[\/vc_column_text][vc_empty_space height=&#8221;28px&#8221;][vc_column_text]<\/p>\n<h4 style=\"text-align: left;\">Tyto pravidla pou\u017e\u00edv\u00e1n\u00ed Cookies se vztahuj\u00ed na sou\u010dasn\u00e9 webov\u00e9 str\u00e1nky, kter\u00e9 vyu\u017e\u00edvaj\u00ed plaformu Quintesence.cz provozovanou spole\u010dnost\u00ed Quintesence s.r.o. uveden\u00fdch pod odkazem pod &#8220;Cookies\u201c.<\/h4>\n<p>[\/vc_column_text][vc_empty_space height=&#8221;28px&#8221;][vc_column_text]<\/p>\n<p style=\"text-align: left;\"><span style=\"color: #000000;\">P\u0159i n\u00e1v\u0161t\u011bv\u011b webov\u00fdch str\u00e1nek vyu\u017e\u00edvaj\u00edc\u00edch platformu Quintesence.cz, se n\u011bkter\u00e9 informace m\u016f\u017eou ukl\u00e1dat ve va\u0161em prohl\u00ed\u017ee\u010di ve form\u011b &#8220;cookie.&#8221; Cookies p\u0159edstavuj\u00ed data, typicky mal\u00e9 textov\u00e9 soubory, kter\u00e9 webov\u00e9 str\u00e1nky ukl\u00e1daj\u00ed do va\u0161eho po\u010d\u00edta\u010de a uchov\u00e1vaj\u00ed n\u011bkter\u00e9 informace a nastaven\u00ed, kter\u00e9 pou\u017e\u00edv\u00e1te k prohl\u00ed\u017een\u00ed str\u00e1nek.<\/span><\/p>\n<p style=\"text-align: left;\"><span style=\"color: #000000;\">Cookies umo\u017e\u0148uj\u00ed webov\u00fdm str\u00e1nk\u00e1m fungovat zp\u016fsobem, jak jste zvykl\u00ed je pou\u017e\u00edvat. Cookies n\u00e1m nap\u0159\u00edklad umo\u017e\u0148uj\u00ed p\u0159izp\u016fsobit webov\u00e9 str\u00e1nky tak, aby l\u00e9pe odpov\u00eddaly va\u0161im z\u00e1jm\u016fm a preferenc\u00edm. Je obecn\u00fdm pravidlem, \u017ee nikdy neshroma\u017e\u010fujeme Va\u0161e osobn\u00ed \u00fadaje prost\u0159ednictv\u00edm cookies, ani\u017e n\u00e1m poskytnete sv\u016fj v\u00fdslovn\u00fd souhlas.<\/span><\/p>\n<p>[\/vc_column_text][vc_empty_space height=&#8221;28px&#8221;][vc_column_text]<\/p>\n<p style=\"text-align: left;\"><span style=\"color: #000000;\"><strong>Souhlas\u00edte-li<\/strong>\u00a0s pou\u017e\u00edv\u00e1n\u00edm cookies, klikn\u011bte na tla\u010d\u00edtko rozum\u00edm.<\/span><\/p>\n<p style=\"text-align: left;\"><span style=\"color: #000000;\"><strong>Nesouhlas\u00edte-li<\/strong>\u00a0s pou\u017e\u00edv\u00e1n\u00edm cookies, nastavte si V\u00e1\u0161 internetov\u00fd prohl\u00ed\u017ee\u010d tak, aby v\u0161echny cookies z Va\u0161eho p\u0159\u00edstroje vymazal, zablokoval nebo V\u00e1s p\u0159ed ulo\u017een\u00edm cookies varoval. N\u00ed\u017ee najdete stru\u010dn\u00e9 pokyny o tom, jak postupovat nebo pou\u017eijte odkaz na N\u00e1pov\u011bdu pro sv\u016fj prohl\u00ed\u017ee\u010d:<\/span><\/p>\n<p style=\"text-align: left;\"><span style=\"color: #000000;\"><a style=\"color: #000000;\" href=\"https:\/\/support.google.com\/chrome\/answer\/95647?hl=en\" target=\"_blank\" rel=\"noopener\">Google Chrome<\/a>\u2122<\/span><br \/>\n<span style=\"color: #000000;\"><a style=\"color: #000000;\" href=\"https:\/\/support.mozilla.org\/en-US\/kb\/cookies-information-websites-store-on-your-computer#w_cookie-settings\" target=\"_blank\" rel=\"noopener\">Mozilla Firefox<\/a>\u00ae<\/span><br \/>\n<span style=\"color: #000000;\"><a style=\"color: #000000;\" href=\"http:\/\/windows.microsoft.com\/en-us\/windows7\/change-internet-explorer-9-privacy-settings\" target=\"_blank\" rel=\"noopener\">Microsoft Internet Explorer<\/a>\u00ae<\/span><br \/>\n<span style=\"color: #000000;\"><a style=\"color: #000000;\" href=\"https:\/\/support.apple.com\/kb\/PH17191?locale=en_US\" target=\"_blank\" rel=\"noopener\">Apple Safari<\/a>\u00ae<\/span><\/p>\n<p style=\"text-align: left;\"><span style=\"color: #000000;\">Vezm\u011bte pros\u00edm na v\u011bdom\u00ed, \u017ee n\u011bkter\u00e9 funkce na\u0161ich webov\u00fdch str\u00e1nek ji\u017e nemus\u00ed bez pou\u017eit\u00ed cookies fungovat spr\u00e1vn\u011b nebo v\u016fbec.<\/span><\/p>\n<p>[\/vc_column_text][vc_empty_space height=&#8221;28px&#8221;][vc_column_text]<\/p>\n<p style=\"text-align: left;\"><span style=\"color: #000000;\"><strong>Seznam pou\u017e\u00edvan\u00fdch cookies\u2028.<\/strong><\/span><br \/>\n<span style=\"color: #000000;\">Cookies m\u016f\u017eeme rozd\u011blovat do \u010dty\u0159 kategori\u00ed, a to v z\u00e1vislosti na jejich funkci a zam\u00fd\u0161len\u00e9ho \u00fa\u010delu: absolutn\u011b nezbytn\u00e9 cookies, v\u00fdkonnostn\u00ed cookies, a funk\u010dn\u00ed cookies.<\/span><\/p>\n<p style=\"text-align: left;\"><span style=\"color: #000000;\"><strong>Absolutn\u011b nezbytn\u00e9 cookies\u2028.<\/strong><\/span><br \/>\n<span style=\"color: #000000;\">Jsou pro v\u00e1s nezbytn\u00e9 z d\u016fvodu navigace v r\u00e1mci webov\u00fdch str\u00e1nek vyu\u017e\u00edvaj\u00edc\u00ed platformu Quintesence.cz.<\/span><\/p>\n<p style=\"text-align: left;\"><span style=\"color: #000000;\"><strong>V\u00fdkonnostn\u00ed cookies\u2028.<\/strong><\/span><br \/>\n<span style=\"color: #000000;\">Shroma\u017e\u010fuj\u00ed informace o vyu\u017e\u00edv\u00e1n\u00ed na\u0161ich webov\u00fdch str\u00e1nek, nap\u0159\u00edklad v\u010detn\u011b informac\u00ed, kter\u00e9 internetov\u00e9 prohl\u00ed\u017ee\u010de a opera\u010dn\u00ed syst\u00e9my jsou pou\u017e\u00edvan\u00e9, n\u00e1zev dom\u00e9ny webov\u00e9 str\u00e1nky, kter\u00e9 jste ji\u017e d\u0159\u00edve nav\u0161t\u00edvili, po\u010det n\u00e1v\u0161t\u011bv na str\u00e1nk\u00e1ch, pr\u016fm\u011brn\u00e1 doba trv\u00e1n\u00ed n\u00e1v\u0161t\u011bvy na str\u00e1nk\u00e1ch a informace, ze kter\u00e9 str\u00e1nky jste se na na\u0161i str\u00e1nku dostali.<br \/>\nTyto cookies neukl\u00e1daj\u00ed \u017e\u00e1dn\u00e9 informace, kter\u00e9 by umo\u017enily osobn\u00ed identifikaci u\u017eivatele. Informace shrom\u00e1\u017ed\u011bn\u00e9 pomoc\u00ed t\u011bchto cookies, jsou souhrnn\u00e9 a anonymn\u00ed. V\u00fdkonnostn\u00ed Cookies slou\u017e\u00ed k zlep\u0161en\u00ed u\u017eivatelsk\u00e9 p\u0159ehlednosti na webov\u00fdch str\u00e1nk\u00e1ch a proto pom\u00e1haj\u00ed zvy\u0161ovat u\u017eivatelsk\u00e9 zku\u0161enosti. Pou\u017e\u00edv\u00e1n\u00ed t\u011bchto cookies m\u016f\u017eete zablokovat vylou\u010den\u00edm cookies.<br \/>\n<\/span><\/p>\n<p style=\"text-align: left;\"><span style=\"color: #000000;\"><strong>Funk\u010dn\u00ed cookies\u2028.<\/strong><\/span><br \/>\n<span style=\"color: #000000;\">Umo\u017e\u0148uj\u00ed webov\u00fdm str\u00e1nk\u00e1m ukl\u00e1dat informace, kter\u00e9 ji\u017e u\u017eivatel zadal (nap\u0159. ID u\u017eivatele, v\u00fdb\u011br jazyka, um\u00edst\u011bn\u00ed u\u017eivatele), s c\u00edlem nab\u00eddnout vylep\u0161en\u00e9, individualizovan\u00e9 funkce pro u\u017eivatele.<\/span>[\/vc_column_text][vc_empty_space height=&#8221;28px&#8221;][vc_column_text]<\/p>\n<p style=\"text-align: left;\"><span style=\"color: #000000;\"><strong>Spr\u00e1va soubor\u016f cookies.<\/strong><br \/>\nUpozorn\u011bn\u00ed: Ne v\u0161echny n\u00ed\u017ee uveden\u00e9 cookies jsou nutn\u00e9 k prohl\u00ed\u017een\u00ed na\u0161\u00ed webov\u00e9 str\u00e1nky prost\u0159ednictv\u00edm mobiln\u00edho za\u0159\u00edzen\u00ed.<\/span><\/p>\n<p style=\"text-align: left;\"><span style=\"color: #000000;\"><br \/>\n<strong>Dotazy a p\u0159ipom\u00ednky<\/strong><br \/>\nQuintesence s.r.o. bude reagovat na p\u0159im\u011b\u0159en\u00e9 po\u017eadavky na p\u0159ezkoum\u00e1n\u00ed, opravu, zm\u011bnu nebo zru\u0161en\u00ed v\u0161ech nep\u0159esnost\u00ed v t\u00e9to informaci. M\u00e1te-li jak\u00e9koliv dotazy nebo p\u0159ipom\u00ednky k na\u0161emu pou\u017e\u00edv\u00e1n\u00ed cookies, napi\u0161te n\u00e1m e-mail na adresu <a style=\"color: #000000;\" href=\"mailto:info@quintesence.cz\">info@quintesence.cz<\/a><\/span><\/p>\n<p>[\/vc_column_text][vc_empty_space height=&#8221;28px&#8221;]<a  itemprop=\"url\" href=\"http:\/\/www.quintesence.cz\" target=\"_self\"  class=\"qbutton  left enlarge\" style=\"\">zp\u011bt<i class=\"qode_icon_font_awesome fa fa-arrow-left qode_button_icon_element\" style=\"\" ><\/i><\/a>[\/vc_column][\/vc_row]<\/p>\n","protected":false},"excerpt":{"rendered":"<p>[vc_row css_animation=&#8221;&#8221; row_type=&#8221;row&#8221; use_row_as_full_screen_section=&#8221;no&#8221; type=&#8221;grid&#8221; angled_section=&#8221;no&#8221; text_align=&#8221;center&#8221; background_image_as_pattern=&#8221;without_pattern&#8221; padding_top=&#8221;113&#8243; padding_bottom=&#8221;64&#8243; z_index=&#8221;&#8221; css=&#8221;.vc_custom_1517923729372{background-color: #ffffff !important;}&#8221;][vc_column width=&#8221;5\/6&#8243; offset=&#8221;vc_col-md-10 vc_col-sm-offset-1&#8243;][vc_column_text] Pravidla pou\u017e\u00edv\u00e1n\u00ed Cookies [\/vc_column_text][vc_empty_space height=&#8221;28px&#8221;][vc_column_text] Tyto pravidla pou\u017e\u00edv\u00e1n\u00ed Cookies se vztahuj\u00ed na sou\u010dasn\u00e9 webov\u00e9 str\u00e1nky, kter\u00e9 vyu\u017e\u00edvaj\u00ed plaformu Quintesence.cz provozovanou spole\u010dnost\u00ed Quintesence s.r.o. uveden\u00fdch pod odkazem pod &#8220;Cookies\u201c&#8230;.<\/p>\n","protected":false},"author":1,"featured_media":0,"parent":0,"menu_order":0,"comment_status":"closed","ping_status":"closed","template":"full_width.php","meta":{"footnotes":""},"class_list":["post-18389","page","type-page","status-publish","hentry"],"yoast_head":"<!-- This site is optimized with the Yoast SEO plugin v26.7 - https:\/\/yoast.com\/wordpress\/plugins\/seo\/ -->\n<title>Pravidla pou\u017e\u00edv\u00e1n\u00ed Cookies | quintesence.cz<\/title>\n<meta name=\"robots\" content=\"index, follow, max-snippet:-1, max-image-preview:large, max-video-preview:-1\" \/>\n<link rel=\"canonical\" href=\"https:\/\/www.quintesence.cz\/index.php\/pravidla-pouzivani-cookies\/\" \/>\n<meta property=\"og:locale\" content=\"en_US\" \/>\n<meta property=\"og:type\" content=\"article\" \/>\n<meta property=\"og:title\" content=\"Pravidla pou\u017e\u00edv\u00e1n\u00ed Cookies | quintesence.cz\" \/>\n<meta property=\"og:description\" content=\"[vc_row css_animation=&#8221;&#8221; row_type=&#8221;row&#8221; use_row_as_full_screen_section=&#8221;no&#8221; type=&#8221;grid&#8221; angled_section=&#8221;no&#8221; text_align=&#8221;center&#8221; background_image_as_pattern=&#8221;without_pattern&#8221; padding_top=&#8221;113&#8243; padding_bottom=&#8221;64&#8243; z_index=&#8221;&#8221; css=&#8221;.vc_custom_1517923729372{background-color: #ffffff !important;}&#8221;][vc_column width=&#8221;5\/6&#8243; offset=&#8221;vc_col-md-10 vc_col-sm-offset-1&#8243;][vc_column_text] Pravidla pou\u017e\u00edv\u00e1n\u00ed Cookies [\/vc_column_text][vc_empty_space height=&#8221;28px&#8221;][vc_column_text] Tyto pravidla pou\u017e\u00edv\u00e1n\u00ed Cookies se vztahuj\u00ed na sou\u010dasn\u00e9 webov\u00e9 str\u00e1nky, kter\u00e9 vyu\u017e\u00edvaj\u00ed plaformu Quintesence.cz provozovanou spole\u010dnost\u00ed Quintesence s.r.o. uveden\u00fdch pod odkazem pod &#8220;Cookies\u201c....\" \/>\n<meta property=\"og:url\" content=\"https:\/\/www.quintesence.cz\/index.php\/pravidla-pouzivani-cookies\/\" \/>\n<meta property=\"og:site_name\" content=\"quintesence.cz\" \/>\n<meta property=\"article:publisher\" content=\"https:\/\/www.facebook.com\/quintesence.ad\" \/>\n<meta property=\"article:modified_time\" content=\"2018-06-05T12:41:08+00:00\" \/>\n<meta name=\"twitter:card\" content=\"summary_large_image\" \/>\n<meta name=\"twitter:label1\" content=\"Est. reading time\" \/>\n\t<meta name=\"twitter:data1\" content=\"4 minutes\" \/>\n<script type=\"application\/ld+json\" class=\"yoast-schema-graph\">{\"@context\":\"https:\/\/schema.org\",\"@graph\":[{\"@type\":\"WebPage\",\"@id\":\"https:\/\/www.quintesence.cz\/index.php\/pravidla-pouzivani-cookies\/\",\"url\":\"https:\/\/www.quintesence.cz\/index.php\/pravidla-pouzivani-cookies\/\",\"name\":\"Pravidla pou\u017e\u00edv\u00e1n\u00ed Cookies | quintesence.cz\",\"isPartOf\":{\"@id\":\"https:\/\/www.quintesence.cz\/#website\"},\"datePublished\":\"2018-06-05T12:27:03+00:00\",\"dateModified\":\"2018-06-05T12:41:08+00:00\",\"breadcrumb\":{\"@id\":\"https:\/\/www.quintesence.cz\/index.php\/pravidla-pouzivani-cookies\/#breadcrumb\"},\"inLanguage\":\"en-US\",\"potentialAction\":[{\"@type\":\"ReadAction\",\"target\":[\"https:\/\/www.quintesence.cz\/index.php\/pravidla-pouzivani-cookies\/\"]}]},{\"@type\":\"BreadcrumbList\",\"@id\":\"https:\/\/www.quintesence.cz\/index.php\/pravidla-pouzivani-cookies\/#breadcrumb\",\"itemListElement\":[{\"@type\":\"ListItem\",\"position\":1,\"name\":\"Home\",\"item\":\"https:\/\/www.quintesence.cz\/\"},{\"@type\":\"ListItem\",\"position\":2,\"name\":\"Pravidla pou\u017e\u00edv\u00e1n\u00ed Cookies\"}]},{\"@type\":\"WebSite\",\"@id\":\"https:\/\/www.quintesence.cz\/#website\",\"url\":\"https:\/\/www.quintesence.cz\/\",\"name\":\"quintesence.cz\",\"description\":\"Enhancing quality of life\",\"publisher\":{\"@id\":\"https:\/\/www.quintesence.cz\/#organization\"},\"potentialAction\":[{\"@type\":\"SearchAction\",\"target\":{\"@type\":\"EntryPoint\",\"urlTemplate\":\"https:\/\/www.quintesence.cz\/?s={search_term_string}\"},\"query-input\":{\"@type\":\"PropertyValueSpecification\",\"valueRequired\":true,\"valueName\":\"search_term_string\"}}],\"inLanguage\":\"en-US\"},{\"@type\":\"Organization\",\"@id\":\"https:\/\/www.quintesence.cz\/#organization\",\"name\":\"Quintesence\",\"url\":\"https:\/\/www.quintesence.cz\/\",\"logo\":{\"@type\":\"ImageObject\",\"inLanguage\":\"en-US\",\"@id\":\"https:\/\/www.quintesence.cz\/#\/schema\/logo\/image\/\",\"url\":\"https:\/\/www.quintesence.cz\/wp-content\/uploads\/2018\/06\/LogoHome_Purple.png\",\"contentUrl\":\"https:\/\/www.quintesence.cz\/wp-content\/uploads\/2018\/06\/LogoHome_Purple.png\",\"width\":146,\"height\":51,\"caption\":\"Quintesence\"},\"image\":{\"@id\":\"https:\/\/www.quintesence.cz\/#\/schema\/logo\/image\/\"},\"sameAs\":[\"https:\/\/www.facebook.com\/quintesence.ad\"]}]}<\/script>\n<!-- \/ Yoast SEO plugin. -->","yoast_head_json":{"title":"Pravidla pou\u017e\u00edv\u00e1n\u00ed Cookies | quintesence.cz","robots":{"index":"index","follow":"follow","max-snippet":"max-snippet:-1","max-image-preview":"max-image-preview:large","max-video-preview":"max-video-preview:-1"},"canonical":"https:\/\/www.quintesence.cz\/index.php\/pravidla-pouzivani-cookies\/","og_locale":"en_US","og_type":"article","og_title":"Pravidla pou\u017e\u00edv\u00e1n\u00ed Cookies | quintesence.cz","og_description":"[vc_row css_animation=&#8221;&#8221; row_type=&#8221;row&#8221; use_row_as_full_screen_section=&#8221;no&#8221; type=&#8221;grid&#8221; angled_section=&#8221;no&#8221; text_align=&#8221;center&#8221; background_image_as_pattern=&#8221;without_pattern&#8221; padding_top=&#8221;113&#8243; padding_bottom=&#8221;64&#8243; z_index=&#8221;&#8221; css=&#8221;.vc_custom_1517923729372{background-color: #ffffff !important;}&#8221;][vc_column width=&#8221;5\/6&#8243; offset=&#8221;vc_col-md-10 vc_col-sm-offset-1&#8243;][vc_column_text] Pravidla pou\u017e\u00edv\u00e1n\u00ed Cookies [\/vc_column_text][vc_empty_space height=&#8221;28px&#8221;][vc_column_text] Tyto pravidla pou\u017e\u00edv\u00e1n\u00ed Cookies se vztahuj\u00ed na sou\u010dasn\u00e9 webov\u00e9 str\u00e1nky, kter\u00e9 vyu\u017e\u00edvaj\u00ed plaformu Quintesence.cz provozovanou spole\u010dnost\u00ed Quintesence s.r.o. uveden\u00fdch pod odkazem pod &#8220;Cookies\u201c....","og_url":"https:\/\/www.quintesence.cz\/index.php\/pravidla-pouzivani-cookies\/","og_site_name":"quintesence.cz","article_publisher":"https:\/\/www.facebook.com\/quintesence.ad","article_modified_time":"2018-06-05T12:41:08+00:00","twitter_card":"summary_large_image","twitter_misc":{"Est. reading time":"4 minutes"},"schema":{"@context":"https:\/\/schema.org","@graph":[{"@type":"WebPage","@id":"https:\/\/www.quintesence.cz\/index.php\/pravidla-pouzivani-cookies\/","url":"https:\/\/www.quintesence.cz\/index.php\/pravidla-pouzivani-cookies\/","name":"Pravidla pou\u017e\u00edv\u00e1n\u00ed Cookies | quintesence.cz","isPartOf":{"@id":"https:\/\/www.quintesence.cz\/#website"},"datePublished":"2018-06-05T12:27:03+00:00","dateModified":"2018-06-05T12:41:08+00:00","breadcrumb":{"@id":"https:\/\/www.quintesence.cz\/index.php\/pravidla-pouzivani-cookies\/#breadcrumb"},"inLanguage":"en-US","potentialAction":[{"@type":"ReadAction","target":["https:\/\/www.quintesence.cz\/index.php\/pravidla-pouzivani-cookies\/"]}]},{"@type":"BreadcrumbList","@id":"https:\/\/www.quintesence.cz\/index.php\/pravidla-pouzivani-cookies\/#breadcrumb","itemListElement":[{"@type":"ListItem","position":1,"name":"Home","item":"https:\/\/www.quintesence.cz\/"},{"@type":"ListItem","position":2,"name":"Pravidla pou\u017e\u00edv\u00e1n\u00ed Cookies"}]},{"@type":"WebSite","@id":"https:\/\/www.quintesence.cz\/#website","url":"https:\/\/www.quintesence.cz\/","name":"quintesence.cz","description":"Enhancing quality of life","publisher":{"@id":"https:\/\/www.quintesence.cz\/#organization"},"potentialAction":[{"@type":"SearchAction","target":{"@type":"EntryPoint","urlTemplate":"https:\/\/www.quintesence.cz\/?s={search_term_string}"},"query-input":{"@type":"PropertyValueSpecification","valueRequired":true,"valueName":"search_term_string"}}],"inLanguage":"en-US"},{"@type":"Organization","@id":"https:\/\/www.quintesence.cz\/#organization","name":"Quintesence","url":"https:\/\/www.quintesence.cz\/","logo":{"@type":"ImageObject","inLanguage":"en-US","@id":"https:\/\/www.quintesence.cz\/#\/schema\/logo\/image\/","url":"https:\/\/www.quintesence.cz\/wp-content\/uploads\/2018\/06\/LogoHome_Purple.png","contentUrl":"https:\/\/www.quintesence.cz\/wp-content\/uploads\/2018\/06\/LogoHome_Purple.png","width":146,"height":51,"caption":"Quintesence"},"image":{"@id":"https:\/\/www.quintesence.cz\/#\/schema\/logo\/image\/"},"sameAs":["https:\/\/www.facebook.com\/quintesence.ad"]}]}},"_links":{"self":[{"href":"https:\/\/www.quintesence.cz\/index.php\/wp-json\/wp\/v2\/pages\/18389","targetHints":{"allow":["GET"]}}],"collection":[{"href":"https:\/\/www.quintesence.cz\/index.php\/wp-json\/wp\/v2\/pages"}],"about":[{"href":"https:\/\/www.quintesence.cz\/index.php\/wp-json\/wp\/v2\/types\/page"}],"author":[{"embeddable":true,"href":"https:\/\/www.quintesence.cz\/index.php\/wp-json\/wp\/v2\/users\/1"}],"replies":[{"embeddable":true,"href":"https:\/\/www.quintesence.cz\/index.php\/wp-json\/wp\/v2\/comments?post=18389"}],"version-history":[{"count":4,"href":"https:\/\/www.quintesence.cz\/index.php\/wp-json\/wp\/v2\/pages\/18389\/revisions"}],"predecessor-version":[{"id":18395,"href":"https:\/\/www.quintesence.cz\/index.php\/wp-json\/wp\/v2\/pages\/18389\/revisions\/18395"}],"wp:attachment":[{"href":"https:\/\/www.quintesence.cz\/index.php\/wp-json\/wp\/v2\/media?parent=18389"}],"curies":[{"name":"wp","href":"https:\/\/api.w.org\/{rel}","templated":true}]}}